3820?
2
What is the hundreds digit of 2587?
5
What is the hundreds digit of 937?
9
What is the units digit of 86788?
8
What is the tens digit of 6479?
7
What is the units digit of 35240?
0
What is the units digit of 25768?
8
What is the units digit of 3310?
0
What is the tens digit of 1128?
2
What is the tens digit of 34?
3
What is the units digit of 735?
5
What is the units digit of 28841?
1
What is the units digit of 35672?
2
What is the thousands digit of 4395?
4
What is the thousands digit of 3669?
3
What is the ten thousands digit of 42768?
4
What is the tens digit of 39763?
6
What is the tens digit of 16589?
8
What is the hundreds digit of 85835?
8
What is the hundred thousands digit of 168819?
1
What is the thousands digit of 3347?
3
What is the ten thousands digit of 18829?
1
What is the tens digit of 31536?
3
What is the thousands digit of 39143?
9
What is the hundreds digit of 1312?
3
What is the thousands digit of 3106?
3
What is the tens digit of 1688?
8
What is the units digit of 509?
9
What is the thousands digit of 9135?
9
What is the tens digit of 62626?
2
What is the units digit of 4418?
8
What is the thousands digit of 24692?
4
What is the ten thousands digit of 10346?
1
What is the thousands digit of 9161?
9
What is the tens digit of 1026?
2
What is the ten thousands digit of 77413?
7
What is the tens digit of 7843?
4
What is the hundreds digit of 3380?
3
What is the hundreds digit of 406?
4
What is the hundreds digit of 18764?
7
What is the thousands digit of 118060?
8
What is the units digit of 3563?
3
What is the tens digit of 23428?
2
What is the hundreds digit of 6970?
9
What is the hundreds digit of 28447?
4
What is the hundreds digit of 14445?
4
What is the units digit of 1699?
9
What is the units digit of 55825?
5
What is the hundreds digit of 15144?
1
What is the thousands digit of 3839?
3
What is the tens digit of 339?
3
What is the units digit of 229?
9
What is the units digit of 14018?
8
What is the units digit of 7229?
9
What is the hundreds digit of 6905?
9
What is the tens digit of 30311?
1
What is the units digit of 62259?
9
What is the ten thousands digit of 26811?
2
What is the tens digit of 456?
5
What is the thousands digit of 59793?
9
What is the units digit of 20471?
1
What is the hundreds digit of 645?
6
What is the hundreds digit of 170?
1
What is the tens digit of 409?
0
What is the thousands digit of 1635?
1
What is the units digit of 306?
6
What is the units digit of 2546?
6
What is the hundreds digit of 5385?
3
What is the thousands digit of 5486?
5
What is the units digit of 2330?
0
What is the thousands digit of 1357?
1
What is the thousands digit of 15810?
5
What is the hundreds digit of 1749?
7
What is the units digit of 583?
3
What is the thousands digit of 135159?
5
What is the tens digit of 26940?
4
What is the hundreds digit of 20244?
2
What is the hundreds digit of 362?
3
What is the units digit of 38713?
3
What is the tens digit of 2525?
2
What is the thousands digit of 4469?
4
What is the hundreds digit of 25062?
0
What is the hundreds digit of 248?
2
What is the thousands digit of 4690?
4
What is the thousands digit of 1683?
1
What is the hundreds digit of 1078?
0
What is the ten thousands digit of 125444?
2
What is the units digit of 1165?
5
What is the units digit of 979?
9
What is the tens digit of 955?
5
What is the units digit of 9209?
9
What is the thousands digit of 13704?
3
What is the hundreds digit of 3537?
5
What is the tens digit of 1778?
7
What is the tens digit of 87386?
8
What is the units digit of 417?
7
What is the thousands digit of 22859?
2
What is the tens digit of 3414?
1
What is the hundreds digit of 88318?
3
What is the hundreds digit of 9791?
7
What is the thousands digit of 2103?
2
What is the hundreds digit of 3742?
7
What is the thousands digit of 134660?
4
What is the units digit of 7793?
3
What is the hundreds digit of 12154?
1
What is the thousands digit of 8765?
8
What is the units digit of 8232?
2
What is the tens digit of 15185?
8
What is the units digit of 14230?
0
What is the tens digit of 4148?
4
What is the tens digit of 1543?
4
What is the tens digit of 532?
3
What is the units digit of 2655?
5
What is the units digit of 817?
7
What is the units digit of 208?
8
What is the ten thousands digit of 149798?
4
What is the thousands digit of 3409?
3
What is the hundreds digit of 25361?
3
What is the tens digit of 3486?
8
What is the tens digit of 28331?
3
What is the units digit of 5505?
5
What is the hundreds digit of 2357?
3
What is the hundreds digit of 5137?
1
What is the tens digit of 175?
7
What is the hundreds digit of 7249?
2
What is the units digit of 2810?
0
What is the hundreds digit of 9941?
9
What is the units digit of 3267?
7
What is the tens digit of 2089?
8
What is the units digit of 5120?
0
What is the hundreds digit of 21585?
5
What is the tens digit of 13430?
3
What is the units digit of 2024?
4
What is the tens digit of 8959?
5
What is the thousands digit of 3447?
3
What is the tens digit of 52?
5
What is the ten thousands digit of 26445?
2
What is the units digit of 59365?
5
What is the hundreds digit of 3190?
1
What is the tens digit of 378?
7
What is the hundreds digit of 734?
7
What is the hundreds digit of 902?
9
What is the hundreds digit of 638?
6
What is the tens digit of 632?
3
What is the thousands digit of 49251?
9
What is the units digit of 2634?
4
What is the thousands digit of 3652?
3
What is the units digit of 653?
3
What is the units digit of 2226?
6
What is the tens digit of 4139?
3
What is the ten thousands digit of 76454?
7
What is the units digit of 1549?
9
What is the thousands digit of 43420?
3
What is the hundreds digit of 313?
3
What is the tens digit of 5233?
3
What is the hundreds digit of 4404?
4
What is the tens digit of 87780?
8
What is the tens digit of 66?
6
What is the units digit of 1654?
4
What is the units digit of 789?
9
What is the units digit of 941?
1
What is the thousands digit of 62322?
2
What is the ten thousands digit of 149408?
4
What is the units digit of 283?
3
What is the hundreds digit of 1263?
2
What is the hundreds digit of 149415?
4
What is the tens digit of 792?
9
What is the units digit of 2942?
2
What is the tens digit of 755?
5
What is the tens digit of 774?
7
What is the units digit of 2880?
0
What is the units digit of 2856?
6
What is the thousands digit of 7973?
7
What is the hundreds digit of 1205?
2
What is the units digit of 3361?
1
What is the units digit of 11262?
2
What is the units digit of 21329?
9
What is the thousands digit of 1705?
1
What is the thousands digit of 44615?
4
What is the units digit of 4285?
5
What is the tens digit of 7273?
7
What is the units digit of 733?
3
What is the hundreds digit of 2659?
6
What is the tens digit of 1719?
1
What is the tens digit of 540?
4
What is the hundreds digit of 415?
4
What is the units digit of 2710?
0
What is the units digit of 129144?
4
What is the thousands digit of 1520?
1
What is the thousands digit of 17089?
7
What is the units digit of 312?
2
What is the units digit of 966?
6
What is the thousands digit of 1903?
1
What is the tens digit of 11446?
4
What is the hundreds digit of 7720?
7
What is the ten thousands digit of 60761?
6
What is the tens digit of 32181?
8
What is the tens digit of 24740?
4
What is the hundreds digit of 1564?
5
What is the hundreds digit of 1908?
9
What is the hundreds digit of 3642?
6
What is the hundreds digit of 372?
3
What is the units digit of 1664?
4
What is the hundreds digit of 715?
7
What is the tens digit of 40873?
7
What is the tens digit of 2167?
6
What is the hundreds digit of 574?
5
What is the tens digit of 1896?
9
What is the hundreds digit of 21322?
3
What is the ten thousands digit of 128627?
2
What is the units digit of 1845?
5
What is the units digit of 1939?
9
What is the hundreds digit of 167?
1
What is the tens digit of 40569?
6
What is the thousands digit of 63853?
3
What is the tens digit of 385?
8
What is the hundreds digit of 12726?
7
What is the tens digit of 305?
0
What is the ten thousands digit of 59724?
5
What is the units digit of 883?
3
What is the thousands digit of 14520?
4
What is the hundreds digit of 13019?
0
What is the units digit of 10369?
9
Wha